31 + r*f - f. Let a be z(15). Calculate the highest common factor of 44 and a.
11
Let j be (576/56)/(6/294). Calculate the greatest common divisor of 56 and j.
56
Let q = -86 + 159. Suppose -q = -4*w + 71. Let c(l) = l**3 - 9*l**2 - 35*l + 24. Let f be c(12). Calculate the greatest common divisor of w and f.
36
Suppose 2*i + 4*s - 164 = 0, -3*i + 7*i + 2*s = 322. Suppose 2*f = -2*f + i. Let w = -445 + 565. Calculate the highest common divisor of f and w.
20
Suppose 3*y + 213 = 5*b - 3, -4*y = 5*b - 237. Suppose 600 = 108*c - 88*c. What is the highest common factor of b and c?
15
Suppose 0 = o - 2*l - 3*l + 10, 0 = -o + 2*l - 1. Suppose 36 + 19 = o*q. What is the greatest common divisor of 44 and q?
11
Suppose -5*g + 91 - 1 = 0. What is the highest common factor of g and 16?
2
Suppose 35 = 4*w + 3*r, -3*w = -0*r + 4*r - 28. What is the highest common divisor of w and 104?
8
Let j = -143 - -4355. What is the highest common factor of 12 and j?
12
Suppose -3*j + 3*u = -507, 11*j - 4*u = 8*j + 507. What is the greatest common divisor of j and 13?
13
Suppose 53 = r + l, -3*r - 2*r + 233 = -3*l. Let q(p) = -44*p - 2. Let u be q(2). Let s be 5/(u/(-4)) + 427/63. Calculate the highest common factor of s and r.
7
Let a = 1348 - 1264. Calculate the highest common divisor of 224 and a.
28
Let g be (1 - -2) + -2 + 34. Calculate the greatest common divisor of g and 245.
35
Let t(g) = g**2 - 4*g - 1. Let u be t(3). Let w be 0*u/12 - -2. Suppose -4*k - 2*a = -44, 3*a = 7*k - w*k - 66. Calculate the highest common divisor of k and 6.
6
Suppose 923 = y + 611. Calculate the greatest common factor of y and 234.
78
Let c be (-1638)/8 + 13/(-52). Let g be c/(-5) - (3 - -1). What is the greatest common factor of 222 and g?
37
Let a be 11/(44/144)*11. Let i = a - 171. Suppose 6*p - p = i. Calculate the greatest common divisor of 5 and p.
5
Let w(k) = -k**3 + 4*k**2 + 5. Let c be w(4). Let v be 4/10 - (3912/(-15))/8. Let m be v/22*4/3. What is the greatest common divisor of m and c?
1
Let v = 10 + 0. Let j(l) = 352*l - 2. Let k be j(1). Suppose -v*g + 3*g + k = 0. Calculate the highest common divisor of 20 and g.
10
Let g(t) = 3*t**2 + 2*t - 8. Let h be g(-6). Let q be 3 - (-1 - (1 + 3)). What is the greatest common factor of h and q?
8
Suppose 4*y + 5*q + 193 = 0, 17*y - 22*y - 215 = q. Let r be y/12*-4 + -3 + 0. Calculate the greatest common factor of r and 33.
11
Let n(z) = -4*z**2 - 4*z - 3. Let h be n(-3). Let y = h - -11. Let u be ((-56)/y)/((-1)/(-2)). What is the highest common factor of 35 and u?
7
Let s be (-2)/(-8)*0/(-6). Let x be 10 + (-3 - (1 + s)). What is the highest common divisor of x and 15?
3
Let a = 207 - 31. Let m = -15 + 8. Let n = m + 23. What is the greatest common factor of n and a?
16
Let h = -207 + 231. Calculate the highest common divisor of h and 456.
24
Let g(k) = -k**2 - 4*k + 5. Let x = 16 - 20. Let h be g(x). Suppose 12 = -h*z + 52. Calculate the greatest common factor of 64 and z.
8
Let x be -3*(1 + 57) - 3. Let p = -126 - x. What is the greatest common divisor of 34 and p?
17
Suppose 22 = i + 2*o + 61, 3*i + 124 = o. Let m = i - -71. Suppose 4*b + u = m, 0*b + 45 = 5*b + 5*u. What is the greatest common divisor of 1 and b?
1
Let t be (-385)/(-2)*4/5. Let n = -1 - -23. Calculate the greatest common divisor of n and t.
22
Let c be (15/3)/(-5) + 89. Suppose -l + 0*l = 2*y - 12, c = 5*l - 4*y. Let d = 9 - -103. What is the greatest common factor of d and l?
16
Let n be (61 + -2)/(1/2). Suppose t - 4*a - 79 = 5, n = 2*t + 2*a. Suppose 0 = 3*b - 5*b + t. What is the greatest common factor of b and 8?
8
Let b = -1691 + 2634. What is the highest common factor of 23 and b?
23
Let f be (-435)/(-6 - (-63)/12). What is the greatest common factor of 348 and f?
116
Let p(l) = 70*l + 25. Let y be p(3). Calculate the greatest common divisor of 47 and y.
47
Let r = -8 + 24. Calculate the greatest common factor of 8 and r.
8
Suppose -2*s + 3*i = -24 - 49, 4*i = 20. What is the highest common divisor of 22 and s?
22
Let f(j) = -j - 47. Let t be f(-55). What is the greatest common factor of t and 700?
4
Suppose -w + 1943 + 644 = 0. Calculate the highest common divisor of 13 and w.
13
Suppose 0 = -0*r - 3*r + 1080. Suppose 0*c - r = -2*c. Suppose -21*y = -16*y - c. What is the highest common divisor of y and 6?
6
Let q = 8 - -4. Let v(k) = k**3 - 5*k**2 - 2*k + 2. Let x be v(4). Let h be (-4)/x - (-524)/22. Calculate the highest common factor of q and h.
12
Let i(q) = -76*q + 160. Let h be i(2). Suppose 0 = -7*k + 2*k + 30. Let g be (26 - 2)/(k/4). What is the highest common divisor of g and h?
8
Suppose 1422 = 21*x - 19893. Calculate the greatest common factor of x and 70.
35
Let r be 9 + -15 + 1109 - 1. Calculate the highest common factor of r and 38.
38
Let z(c) = -c - 2*c**2 + c**2 + 13 + 2*c**2. Let u be z(0). Suppose 33*b - b = 10*b + 1430. What is the highest common factor of u and b?
13
Suppose -23*b - 25*b = -2016. Calculate the greatest common factor of 30 and b.
6
Suppose -10*r + 3914 = 1214. Suppose -3*w - 177 = -3*n, -3*n + 0*w + 172 = -2*w. What is the highest common factor of n and r?
54
Let o be 34/6 + (-24)/36. Let r(u) = 8*u - 32*u - o - 45*u + 4. Let p be r(-1). What is the highest common divisor of 17 and p?
17
Let l be 267 + -3 + 0/1. Let q = 385 - 361. What is the highest common factor of l and q?
24
Let p = 116 + -47. Let c = -265 - -203. Let f = c - -108. Calculate the highest common factor of f and p.
23
Let t(w) = -w**3 - 13*w**2 - 12*w + 6. Let n be t(-12). Suppose -5*f - 15 = 0, -n*f = -2*b - 2*f + 66. What is the highest common divisor of b and 9?
9
Let g = 14 - 7. Suppose -3*y - 85 = -2*m, g - 72 = -m - 3*y. What is the greatest common divisor of m and 2?
2
Suppose 0 = 5*i - 2*g - 816, 4*i - 422 = -5*g + 211. Calculate the greatest common divisor of 270 and i.
54
Let g = -8 - -40. Suppose 0*j + g = 2*j + 2*p, 3*j - 56 = -5*p. Let s be (-76)/(-16) + (-15)/20. Calculate the highest common factor of j and s.
4
Suppose 5*l = -0*s - s + 380, 3*l + 2*s = 235. Calculate the highest common divisor of l and 50.
25
Let p(u) = u + 6. Let a be p(0). Suppose -2*f = -6 - a. What is the greatest common divisor of f and 3?
3
Let j(t) = 3*t + 4. Let d be j(0). Suppose 4*r + 3*b - 439 = 0, d*b + 233 = 2*r + b. What is the greatest common factor of 28 and r?
28
Let t = 8 - 6. Let s(z) = 6*z**2 + 3*z + t*z**3 + 1 - 7 - z**3. Let v be s(-5). Calculate the greatest common divisor of v and 2.
2
Suppose 99 = -0*o + 3*o. Let b(y) = 7*y - 104. Let l be b(18). Calculate the greatest common divisor of o and l.
11
Let o = -24 + 26. Suppose -2*i + 140 = 4*p, -7*i - 2*p + 358 = -o*i. Calculate the highest common divisor of 8 and i.
8
Suppose 33*v + 14*v = 2115. What is the greatest common factor of 39 and v?
3
Let f be -10 + (-4 - -24) + 100. What is the highest common factor of f and 35?
5
Let q be ((-4 - -1) + 0/(-6))*-1. Let h be (0 + 6/(-3))/((-2)/q). Calculate the greatest common divisor of 21 and h.
3
Let y = -738 - -959. Calculate the greatest common divisor of 51 and y.
17
Suppose 11*i - 27*i = 192. Let h be 4/(-14) + 916/(-28). Let z = i - h. What is the highest common divisor of 42 and z?
21
Suppose -4*g = 2*c - 3*c + 236, -3*c + 674 = 5*g. Let k = -4699 + 4711. What is the greatest common factor of k and c?
12
Let f be (2/(-14)*11)/(68/(-476)). Calculate the greatest common divisor of f and 1991.
11
Let z be (38/(-76))/((-1)/406). Calculate the greatest common divisor of z and 7.
7
Let a(j) = j**3 + 29*j**2 - 4*j - 85. Let q be a(-29). Calculate the greatest common factor of q and 217.
31
Let g = -68 + 198. Calculate the greatest common factor of g and 52.
26
Let d(q) = 20*q**3 + 2*q**2 + 6*q - 6. Let w be d(1). Calculate the highest common divisor of 44 and w.
22
Let h be 77 + 1 + 0/(5/(-1)). What is the greatest common factor of h and 39?
39
Let j(z) = -z**3 + 27*z**2 - 26*z + 41. Let c be j(26). What is the highest common divisor of 369 and c?
41
Let a be (-108)/(-4) + (-1 - -5). What is the highest common factor of a and 403?
31
Let q be 10/(-8)*26*(-42 - -36). What is the greatest common factor of q and 312?
39
Suppose -y = -4 - 2. Let t = -2 - -5. Let g(d) = 8*d**2 - d - 3. Let f be g(t). Calculate the highest common divisor of y an